 of w and 1180.
5
Let c = 244 + -242. Calculate the highest common divisor of 8 and c.
2
Let y(f) = f**3 + 22 - 17 - 13 + 6*f**2 - 3*f. Let g be y(-4). Calculate the highest common divisor of g and 396.
36
Let w be ((-9)/6)/((-21)/56). Let x be 10 - (0 + 2)/(-1). Calculate the highest common factor of x and w.
4
Let i be (-286)/(-39) + 2/(-6). Suppose 0 = -7*h + 4*h - 21. Let w(r) = -r. Let j be w(h). What is the highest common divisor of i and j?
7
Let l(m) = 3*m + 4. Suppose -2*a + a = -4*w + 14, -3*w - 5*a = 1. Let q be l(w). Suppose 0 = 2*p - q - 29. Calculate the highest common divisor of p and 105.
21
Let s be 20/(-14) + 194157/567. Calculate the highest common factor of s and 93.
31
Let d(l) = 2*l + 29. Let p be d(-15). Let o(q) = -76*q - 1. Let c be o(p). Let b = -18 - -33. What is the highest common factor of b and c?
15
Suppose -1203 = -g + 961. Suppose -4*l = -4*u + 1980, g = 3*u + 4*l + 693. Let h = 834 - u. What is the greatest common factor of 31 and h?
31
Let t be (0 - -1)*(19 - -2). Let u be (-6)/((6/4)/(-4 - -3)). Suppose -3*d - 5 = -4*y + 29, u*y = 4*d + 36. What is the highest common factor of y and t?
7
Let n(w) = 40*w - 75. Let a be n(5). Calculate the greatest common factor of a and 105.
5
Suppose -2*t + 21 - 5 = 0. Suppose t*s + 36 = 12*s. Suppose -72 = 3*k - 5*k. Calculate the highest common divisor of k and s.
9
Let x be (67 + (4 - 2) + -7)*6. Calculate the highest common factor of x and 24.
12
Suppose -2942*p + 152 = -2938*p. What is the greatest common factor of p and 475?
19
Suppose -8*h - 20 = -132. Calculate the greatest common factor of h and 14.
14
Suppose 9*p - 629 = 505. What is the greatest common factor of p and 56?
14
Suppose 2*y = z + 5, 0 = -3*y + 4*y + 4*z + 2. Suppose 0*c - y*c = -770. Calculate the highest common divisor of 35 and c.
35
Let w be 119 - ((-119)/51)/(2/(-6)). What is the highest common factor of w and 63?
7
Let q = 1457 - 1209. What is the highest common divisor of q and 434?
62
Suppose 0 = -19*t + 2242 + 152. What is the greatest common divisor of 70 and t?
14
Let y be (1 + 93/6)/((-3)/(-42)). Suppose 3*q - 4 = -4*x - 11, 2*q + 4*x = -10. Suppose 0 = -0*o - q*o + 63. What is the greatest common factor of o and y?
21
Let x(n) = 4*n - 37. Let r(z) = 22*z - 184. Let h(v) = 3*r(v) - 16*x(v). Let q be h(-15). What is the highest common divisor of q and 160?
10
Let t(g) = -2*g + g**2 + 2*g + 3 - g**3 + 4*g. Suppose -p - 6 = 5*k, -3*k + 2*p - 18 = 2*k. Let f be t(k). Calculate the greatest common factor of 7 and f.
7
Let f = 19 + -10. Suppose -12*n = -14*n + 6. What is the greatest common factor of n and f?
3
Suppose -11*o + 6 = -9*o. Let v be o + 3 + (2 - 3). Let a be (-17 + 0)*(3 - v). Calculate the highest common divisor of a and 51.
17
Suppose -6*n - 94 = r - 2*n, 5*r - 5*n = -345. Let j be (-76)/19 + (0 + 0 - 24). Let p = j - r. What is the highest common divisor of p and 23?
23
Suppose 83 = -2*m - 99. Let b = m - -141. What is the greatest common factor of 20 and b?
10
Suppose 0 = -107*i + 94*i + 1092. Let c(v) = -v**3 + 6*v**2 - 2*v - 3. Let k be c(4). Calculate the greatest common factor of i and k.
21
Suppose -16*c + 11*c = -15. Let m be c/1 + -24 + -13. Let w be m/(-85) - 56/(-10). Calculate the greatest common factor of w and 6.
6
Let r be 3 - ((-3)/(-3))/1*-2. Let s be (-1)/5 + 42/10. Suppose -s*g + r*g = -5*x + 35, g - 4*x = -1. Calculate the greatest common divisor of g and 15.
15
Suppose n + 101 - 538 = 0. Suppose 85 = -4*q + n. Let p = 5340 - 5332. Calculate the greatest common factor of q and p.
8
Suppose 8*c = 3*c + 15. Calculate the highest common factor of 1 and c.
1
Suppose -8*l = -3*l - 25, 3*l = -r + 15. Let p = 5 - r. Suppose -h - p*g - 19 = -5, 5*g + 3 = -2*h. What is the highest common divisor of h and 88?
11
Suppose 16 = -213*o + 214*o. Calculate the greatest common divisor of 272 and o.
16
Suppose 2 = -f - 5*a + 9*a, -f - 2*a + 4 = 0. Calculate the greatest common divisor of 13 and f.
1
Suppose 9*v = -2*x + 8*v + 32, -v = -2. Let u = -24 + -51. Let k be x/u + 36/5. What is the highest common divisor of k and 35?
7
Let a = -15 - 22. Let u = a + 83. Calculate the highest common divisor of u and 506.
46
Suppose -20*m = 51 - 131. What is the highest common divisor of m and 5?
1
Let j = 12 - 8. Suppose 0*u + h + 44 = j*u, 0 = 5*h. Suppose -35*l + 165 = -20*l. Calculate the highest common divisor of u and l.
11
Let m = 10 + -5. Suppose 5*z - 21*z = -1280. Calculate the greatest common divisor of m and z.
5
Suppose -5*b + 3*n = 6*n - 124, -2*b + 34 = -4*n. Suppose t - h - 17 = 0, -2*t + b = -t - 3*h. What is the highest common factor of 21 and t?
7
Let o be (118/8)/((-25)/(-100)). Suppose -p - 4*p = -v - 19, 0 = 3*v - p + 71. Let q = v + o. What is the highest common factor of 7 and q?
7
Suppose 9 = -h - 2*h - 3*k, 4*k + 22 = h. Suppose 0 = 3*b + h*b - 5. Let f be (4 + 0 - b) + 3. Calculate the highest common factor of 12 and f.
6
Let m be 7 + (-5 - -4)*1. Suppose 0*c + 13 = 4*g + 3*c, 12 = 3*g + 3*c. Let v be (18 - -4) + 1 + g. What is the greatest common divisor of v and m?
6
Let n(k) = k + 10. Let y be n(5). What is the greatest common factor of 135 and y?
15
Let x = 315 + -309. Suppose -5*o + 2*b = -4, -7*b - 10 = -3*o - 2*b. Suppose 3*c = -o*c + 18. Calculate the greatest common divisor of x and c.
6
Let b(v) = -v**3 + 13*v**2 + 13*v - 8. Let g be b(13). Let z be (-3 - 5/(-2))*-46. What is the greatest common factor of g and z?
23
Let d be -14 + (-120)/(-12) + 6. Calculate the greatest common factor of d and 2.
2
Let x(l) = 6*l - 38. Let o = 27 + -14. Let t be x(o). Suppose 4*k + 3*i - 997 = -k, 0 = k + 3*i - 197. Calculate the highest common divisor of k and t.
40
Suppose -r = 3*a - 3889, -4*a - r = -0*r - 5187. Suppose 15*i + 443 - a = 0. Calculate the greatest common divisor of i and 228.
57
Let y = -3239 - -3265. Let r(n) = 2*n**2 - 5*n + 3. Let x be r(8). What is the greatest common divisor of x and y?
13
Suppose -9*h - 8 = -7*h. Let l be (-4)/(-6)*(-2)/h*78. Let v(n) = 130*n. Let w be v(1). What is the greatest common divisor of w and l?
26
Let c(j) = -16*j + 476. Let x be c(28). Suppose 4*h - 3*h = 12. What is the greatest common divisor of h and x?
4
Let w(d) = -2*d**3 - 4*d**2 - d. Let i be w(-2). Suppose -5*c = -3*g - 14, 4*g + 0*g = i*c. What is the highest common factor of 10 and c?
2
Let h(b) = -b**2 - 10*b - 16. Let p be h(-8). Suppose -5*g = p, 6*v - 5*g - 300 = v. Calculate the greatest common factor of v and 3.
3
Suppose 15*m - 263 - 67 = 0. Let k be 12/(-9)*(-66 + 0). Calculate the highest common factor of m and k.
22
Suppose 0*u - 5*u = -4*x + 56, 4*x = -u + 32. Let t be x/12*4 - 4. Let f be 1 - (-1)/(t/(-35)). What is the highest common divisor of 9 and f?
9
Suppose -4*i - 97 = -2*k - 13, 4*i = -4*k + 144. Let r be -76*(-1 + 0 + 0). Calculate the greatest common factor of r and k.
38
Suppose -2*g + 3*p - 27 = -172, 355 = 5*g - 5*p. What is the highest common divisor of g and 51?
17
Suppose 2*p = -0*v + 3*v - 6, 5*v - 5 = 5*p. Suppose 0*h - 4*h + 1 = -p*o, 5*h + 2*o = 30. Calculate the highest common divisor of 4 and h.
4
Let m = 9 + -18. Let z = m - -6. Let q be (-123)/(-3) - (-2 - z). Calculate the highest common divisor of 5 and q.
5
Let m be (-426)/(-42) + -10 + (-320)/(-14). What is the highest common divisor of m and 1380?
23
Let d(q) = -q**3 + 9*q**2 + 65*q - 10. Let b be d(-6). What is the greatest common divisor of b and 476?
28
Let c be (4*(-9)/(144/(-1160)))/1. Calculate the highest common divisor of c and 10.
10
Let s = 15 - 7. Let q be 2 + s/(-3 - -4). Let n be (140/8)/5*q. What is the greatest common factor of n and 7?
7
Let u be -2 + (-20)/(-7) + (-2368)/(-259). Calculate the greatest common divisor of 90 and u.
10
Let v(n) = 7*n**3 - 25*n**2 + 2. Let z be v(4). Calculate the highest common factor of 250 and z.
50
Suppose -2*d - 106 = -2*z, -3*z - d + 154 = -21. Let w = 82 - 63. What is the highest common divisor of z and w?
19
Let g be (6/4 - 2)*1*-986. Calculate the highest common factor of g and 29.
29
Suppose -3*v - 9 = -4*i, -5*v - 4*i + 2 = 17. Let q(o) = -10*o**3 + 5*o - 3. Let f be q(v). Calculate the greatest common divisor of 36 and f.
36
Let k = -154 + 262. What is the highest common factor of k and 90?
18
Let g be -1 +